/(-140)) is divided by b?
16
Let j(q) = -q**2 + 4. Let p be j(0). Let k = p - 2. Suppose 3*u - 4 - k = 0. Calculate the remainder when u is divided by 2.
0
Suppose 2*t + 3*x - 31 = -2, 25 = -5*x. Calculate the remainder when 108 is divided by t.
20
Let r = -19 - -52. Let m = 15 - -2. Calculate the remainder when r is divided by m.
16
Let o be 4/8*(-12 + 2). Suppose -4*s + 2*s + 24 = 0. What is the remainder when (34/o)/((-6)/30) is divided by s?
10
Let j = 7 - 2. Suppose 1 = j*k - 4. Calculate the remainder when k is divided by -1*1*(0 + -1).
0
Let l = -14 - -26. Suppose l = -3*a, -4*w + 2*a = -2*w - 10. Let u = 3 + w. Calculate the remainder when 9 is divided by u.
1
Suppose 4*j - 5*f + 8 = 0, -2*j + 4*f - 6 = 4. Calculate the remainder when 52 is divided by j.
1
Suppose 5*g - 8 = -b, 5*b - 92 + 22 = 5*g. Suppose -5*v = 3*o - o - 118, 2*o - 106 = -2*v. What is the remainder when o is divided by b?
10
Suppose 40 + 21 = 5*o + t, -3*o - 4*t = -40. Calculate the remainder when 41 is divided by o.
5
Suppose 0 = 2*o - 0 - 22. What is the remainder when 29 is divided by o?
7
Suppose 6*c - 60 = c. Suppose -4*n + 4*g = -20, -g - 2*g + c = 0. What is the remainder when 15 is divided by n?
6
Suppose -2*u - 2*g = -7*u + 81, -5*g - 7 = -u. What is the remainder when u is divided by 9?
8
Let q be -1*(-1*6 - -1). Suppose -16 = -q*a + 19. Suppose 3*i + g - 45 = 14, 0 = -5*i + 2*g + 102. What is the remainder when i is divided by a?
6
Suppose -2*f - f = -12. Suppose 0 = f*g + 4 - 48. What is the remainder when 52 is divided by g?
8
Suppose 2*x - 20 = -3*x. Suppose l = 3*t - 34, 3*t - 56 = -t - x*l. Let j = -54 - -99. Calculate the remainder when j is divided by t.
9
Suppose 4*c = -c + 60. Suppose 4*o - 12 = r, o = 4*r - 0*o + 3. Suppose r = 3*m - 8*m + 110. Calculate the remainder when m is divided by c.
10
Let k(g) = -5*g + 4. Let h(s) = s - 6. Let y be h(-6). Let d = y - -22. Calculate the remainder when k(-5) is divided by d.
9
Suppose 5*a - 6*a + 36 = 0. Suppose -4*s + a = 2*t, t - 2*t + 20 = 4*s. Calculate the remainder when t is divided by 9.
7
Let d(m) = -36*m**3 + 1. Let w = 0 + 2. Suppose -4 = 2*g - w. What is the remainder when d(g) is divided by 13?
11
What is the remainder when 4/32*-58*-4 is divided by 10?
9
Suppose -4*r - 5*n - 4 = -7*r, -4*r - 6 = -n. What is the remainder when r/((-4)/3)*2 is divided by 2?
1
Let t = 33 - 18. What is the remainder when 57 is divided by t?
12
Let p(d) = 6*d - 17. Calculate the remainder when p(10) is divided by 15.
13
Suppose 3*b - 6 = 108. What is the remainder when b is divided by 14?
10
Suppose -2*j + 3*r + 56 = 0, 3*j - 4*j + 2*r + 28 = 0. Suppose f = j + 21. What is the remainder when f/21*(3 - 0) is divided by 3?
1
Let j(z) = 2*z**3 - 4*z**2 + z + 2. Let c be j(2). Suppose -30 = -c*a - 6. Calculate the remainder when a is divided by 4.
2
Let c be 130/(-18) - 2/(-9). Let m(g) = g**3 + 8*g**2 + 5*g - 9. Calculate the remainder when 8 + (2 + -2)/2 is divided by m(c).
3
Let d = 67 + -44. What is the remainder when d is divided by 12/10*(-20)/(-3)?
7
Let m(u) = 4*u**3 + u**2 - u. Calculate the remainder when 14 is divided by m(1).
2
Let j(w) = 2*w**2 + 2*w. What is the remainder when j(5) is divided by 16?
12
Suppose 0 = -0*o - 2*o + 122. Let g(i) = -i**3 - 5*i**2 - 3*i + 6. Calculate the remainder when o is divided by g(-5).
19
Let m(c) = c - 4. Let r = 6 + -3. Let k be m(r). What is the remainder when (-14 + k)/(5/(-10)) is divided by 16?
14
Let k(t) = t**3 - 6*t**2 + 12*t - 9. What is the remainder when 26 is divided by k(4)?
5
Suppose -4 = -5*g + 3*g. Let p be g/(-7) - 1490/(-70). Let k = 31 - p. What is the remainder when 27 is divided by k?
7
Suppose 4*o + 4 = 4*x, 3*x - 5*o + 0 = -1. Suppose 5*b + 3*g = -22, 2*b - 4*g = x*b + 1. Let n = b + 10. What is the remainder when n is divided by 3?
2
Let z(w) = -w**3 + 7*w**2 + 9*w + 10. Let v be z(8). Suppose 4*d + 2*n - 15 = d, 4*d + 2*n = v. Calculate the remainder when 6 is divided by d.
0
Suppose 5*c - 2*c - 5*b + 145 = 0, 0 = -4*c + 5*b - 185. What is the remainder when (64/c)/(1/(-30)) is divided by 17?
14
Let y be (-161)/(-49) + 4/(-14). Suppose 4*p - 137 = -y*h, 2*h - 104 = 5*p - 8*p. Calculate the remainder when p is divided by 13.
12
Suppose -73 = -3*j + 2*t, 4*j = -2*t + 102 - 0. What is the remainder when 98 is divided by j?
23
Let r(d) = d**3 + d. Calculate the remainder when 18 is divided by r(2).
8
Let z = 128 + -71. Suppose -3*s = 3*s - 90. Calculate the remainder when z is divided by s.
12
Let i = 96 - 89. Calculate the remainder when 26 is divided by i.
5
Suppose 0 = -3*b - 0*b + 12. Suppose 3*v = b*v - 3. Suppose u = v*u - 22. What is the remainder when 32 is divided by u?
10
Let a be (-1290)/(-21) - (-12)/21. Suppose 0 = -4*l + 4*s + 80, -4*s + a = 4*l + 6. Calculate the remainder when 67 is divided by l.
16
Suppose -4*m = -6*m + 110. Suppose -g + 6*g - m = 0. What is the remainder when ((-8)/10)/(1/(-40)) is divided by g?
10
Let l = -9 - -22. Let f(o) = o**2 + 2. Let b be f(2). Let s(v) = 7*v - 5. What is the remainder when s(b) is divided by l?
11
Let i be 27/18*(-8)/(-6). Calculate the remainder when (132/(-9))/(i/(-3)) is divided by 12.
10
Let k = 13 + 14. Calculate the remainder when k is divided by 15.
12
Let d = 12 - 8. Suppose -7 = 2*v + 4*t - 3, -4*v = -2*t - 32. What is the remainder when 22 is divided by (d/v)/((-1)/(-12))?
6
Let d be (-1 + (-6)/(-4))*0. Let s = d + 9. Let b(k) = k**2 - k - 3. Calculate the remainder when b(-4) is divided by s.
8
Suppose -2*c + n + 46 = 5*n, 6 = 2*c - 4*n. Let g be 1/3*0 + 80. Suppose g = 3*l - l + 3*u, 5*l + 5*u - 195 = 0. Calculate the remainder when l is divided by c.
11
Suppose -3 = 5*u + 3*o, 0 = -3*u - 2*o - o + 3. What is the remainder when 35 is divided by ((0 - 1) + -2)*u?
8
Suppose 0 = 6*t - 100 - 44. Calculate the remainder when t is divided by 11.
2
Let f(u) = 2*u**2 - 7*u + 5. What is the remainder when (-3)/(6/(-8)) + 11 is divided by f(4)?
6
Let u = 12 + 0. Suppose -70 = -m + 2*f, -2*m + 0*m + f = -137. Suppose n = -n + m. What is the remainder when n is divided by u?
10
Suppose 4*m + h - 73 - 95 = 0, -h = 0. Let w(b) = b + 14. What is the remainder when w(-6) is divided by m/8 + 1/(-4)?
3
Suppose 3*k + 2*j = -2*j + 30, k + 2*j - 12 = 0. What is the remainder when k is divided by 4?
2
Let a(r) = 4*r - 7. Calculate the remainder when a(11) is divided by 3.
1
Let z(a) = 5*a**3 + 2*a**2 - a + 2. Let q be z(2). Let k = 76 - q. Let w(s) = -s**3 - 2*s - 2. Calculate the remainder when k is divided by w(-2).
8
Suppose 5*y = 2*o + 188 + 83, 5*y - 268 = o. Let j be (-2)/(-9) - 48/(-27). Suppose -j*n - 2*n + 72 = 0. What is the remainder when y is divided by n?
17
Let s(a) = a - 2. Calculate the remainder when s(6) is divided by 3.
1
Suppose -i = 2*i - 12. What is the remainder when ((-44)/(-16))/(1/4) is divided by i?
3
Let n(f) = 34*f**3 - f + 1. What is the remainder when n(1) is divided by ((-8)/16)/((2/48)/(-1))?
10
Let a be 3/(-2) + (-30)/(-20). Suppose -5*p = 3*o + 2*o - 85, a = 2*o + 6. Calculate the remainder when 37 is divided by p.
17
Let s(h) = 12*h - 5. Calculate the remainder when s(3) is divided by ((-4)/6 + -2)*-3.
7
Let c(p) = 4*p - 11. Let g be c(8). Let j = g - 13. What is the remainder when 29 is divided by j?
5
Suppose -z - 14 = -2*q, -3*q = q - 5*z - 40. Suppose 0 = -q*m - l + 3*l + 125, l + 22 = m. Calculate the remainder when m is divided by 14.
13
Suppose 13*j - 7*j - 156 = 0. What is the remainder when j is divided by (0 - 2)*(-18)/4?
8
Suppose -2*b + 85 = 4*a - 7*b, -3*a + 60 = -3*b. What is the remainder when a is divided by 8?
7
Let o(u) = 2*u**2 + 5*u - 1. What is the remainder when 21*-1*(2 + -3) is divided by o(-4)?
10
What is the remainder when 42 + -3*1 + 2 is divided by 11/4*60/15?
8
Suppose -t + 21 = 4*n, 4*n + 44 = -t + 5*t. Let y(h) = -74*h**2. Let z be y(1). Calculate the remainder when (z/(-4))/((-2)/(-4)) is divided by t.
11
What is the remainder when (-12)/(1/4*-2) is divided by 13?
11
Let a be (-4)/(-10) + 8/5. Suppose a*v - 35 = v. What is the remainder when v is divided by 18?
17
Suppose -2*g + 5*x = 216, 3*g + x = -172 - 186. Let v = g - -65. Let w = v + 90. Calculate the remainder when w is divided by 13.
11
Suppose a - 13 = -0*a. Let p(f) = 